ber?
True
Is 123879317 prime?
False
Is 8279203 composite?
False
Is 9536113 a prime number?
False
Is 737546041 a composite number?
False
Is 5259857 a prime number?
True
Is 29698811 prime?
False
Is 164040607 a composite number?
True
Is 23703937 a composite number?
True
Is 5322193 prime?
True
Is 31960049 composite?
True
Is 27581053 composite?
True
Is 53602957 composite?
True
Is 1356671 composite?
False
Is 252905 prime?
False
Is 102882449 a prime number?
True
Is 5044577 a composite number?
False
Is 272532631 a prime number?
False
Is 10458319 a prime number?
True
Is 6065011 prime?
False
Is 89561 composite?
False
Is 4294344341 prime?
False
Is 124723 prime?
False
Is 1393451 a prime number?
True
Is 8071043 composite?
False
Is 21565819 a composite number?
True
Is 4285541 a prime number?
False
Is 39771583 a prime number?
True
Is 4989973 a prime number?
True
Is 1842409 a composite number?
True
Is 113323151 a composite number?
False
Is 389509 a composite number?
True
Is 191485531 composite?
True
Is 55540019 a composite number?
False
Is 10548169 prime?
True
Is 172607 a composite number?
False
Is 1770953 a composite number?
True
Is 53346181 prime?
False
Is 7398439 a prime number?
True
Is 1144547 a prime number?
False
Is 36229211 composite?
False
Is 41556651 prime?
False
Is 51316199 prime?
False
Is 3087551 a composite number?
True
Is 17487251 a prime number?
True
Is 553657943 prime?
True
Is 108542767 a prime number?
True
Is 2520769 a prime number?
True
Is 7296977 a composite number?
True
Is 861823 a prime number?
True
Is 55866037 a composite number?
False
Is 2571737 a prime number?
False
Is 5554621 a composite number?
False
Is 3329951 prime?
False
Is 55088981 a prime number?
False
Is 601966111 composite?
False
Is 413591 composite?
True
Is 840851 prime?
False
Is 60288697 a prime number?
False
Is 47991191 a composite number?
False
Is 4275937 prime?
True
Is 3219595 prime?
False
Is 33393497 a prime number?
True
Is 12129017 composite?
False
Is 185948597 composite?
False
Is 54792563 composite?
True
Is 7261634 prime?
False
Is 518993 a prime number?
False
Is 306324851 prime?
False
Is 4180279 composite?
True
Is 67926847 a prime number?
False
Is 2711867 composite?
False
Is 50599231 a composite number?
False
Is 14073299 a composite number?
False
Is 9203839 prime?
True
Is 691316009 a composite number?
False
Is 1027367399 prime?
False
Is 9615577 composite?
True
Is 25111897 a prime number?
True
Is 22624913 a composite number?
False
Is 81668627 a composite number?
True
Is 4962991 a prime number?
False
Is 40832821 composite?
False
Is 82600139 a prime number?
True
Is 8501239 a composite number?
False
Is 11929499 a prime number?
True
Is 518047349 composite?
True
Is 5386907 a prime number?
False
Is 688201 a prime number?
True
Is 46581629 a prime number?
True
Is 9400189 composite?
False
Is 177225353 a composite number?
False
Is 304877 a prime number?
False
Is 73173179 a composite number?
True
Is 68473 prime?
True
Is 7421759 prime?
True
Is 98025749 a prime number?
True
Is 694951 prime?
True
Is 1026997 a composite number?
True
Is 2886997 a prime number?
True
Is 10116514 a prime number?
False
Is 7298663 composite?
False
Is 102936107 a composite number?
True
Is 139072501 a composite number?
True
Is 110626643 composite?
True
Is 110625803 a prime number?
False
Is 121044171 composite?
True
Is 97924861 a composite number?
False
Is 531654337 composite?
True
Is 55847 prime?
False
Is 186336005 composite?
True
Is 1101329 composite?
True
Is 2978189 prime?
True
Is 107669251 composite?
True
Is 284544833 a prime number?
False
Is 873547 a composite number?
True
Is 14407373 a prime number?
True
Is 88378909 prime?
True
Is 1051139 a prime number?
True
Is 816953 a composite number?
True
Is 189452399 a composite number?
False
Is 345649 a prime number?
False
Is 21409049 a composite number?
True
Is 4461577 a prime number?
True
Is 29876281 a composite number?
True
Is 33910229 prime?
True
Is 3020711 a composite number?
True
Is 12137087 a prime number?
True
Is 17529541 a composite number?
False
Is 434851687 a prime number?
False
Is 2698417 prime?
False
Is 124156567 a composite number?
False
Is 1543291 composite?
False
Is 12186821 prime?
True
Is 482508391 prime?
True
Is 4933319 a prime number?
False
Is 14724311 composite?
True
Is 266547427 composite?
True
Is 5957597 prime?
False
Is 2497801 composite?
False
Is 130526785 a prime number?
False
Is 2358721 prime?
True
Is 363379637 a prime number?
False
Is 186110141 a composite number?
True
Is 3069263 a composite number?
False
Is 188166977 a composite number?
True
Is 5012473 a prime number?
True
Is 206699 a prime number?
True
Is 2418931 a prime number?
False
Is 1694197 prime?
True
Is 799081 composite?
True
Is 19462981 a composite number?
False
Is 10947707 composite?
False
Is 43889987 a composite number?
False
Is 104569 prime?
False
Is 54341787 a composite number?
True
Is 6109391 prime?
False
Is 2291059 composite?
True
Is 465190987 composite?
True
Is 649762003 a prime number?
False
Is 22935559 prime?
True
Is 13118561 prime?
False
Is 907099 a composite number?
False
Is 11484895 composite?
True
Is 40215767 a composite number?
False
Is 10409627 a composite number?
True
Is 1800075023 a prime number?
True
Is 270275459 a prime number?
False
Is 4192094 a prime number?
False
Is 32737477 composite?
True
Is 272324417 a prime number?
True
Is 73436834 a composite number?
True
Is 930085609 a composite number?
False
Is 1217303137 a prime number?
True
Is 3707149 prime?
True
Is 15607874 prime?
False
Is 8178881 composite?
False
Is 19509001 a prime number?
False
Is 7772389 composite?
False
Is 61237786 composite?
True
Is 26269413 a composite number?
True
Is 99379 a composite number?
True
Is 17261741 a composite number?
True
Is 13487323 a prime number?
True
Is 124679183 composite?
False
Is 3432941 a composite number?
False
Is 16860793 prime?
True
Is 566566537 prime?
False
Is 374933719 composite?
False
Is 68191771 composite?
True
Is 539611 composite?
True
Is 19680217 a prime number?
False
Is 34178542 prime?
False
Is 26294 composite?
True
Is 2718169 composite?
False
Is 1663009 composite?
False
Is 14357599 a prime number?
False
Is 523129 a composite number?
False
Is 83614537 composite?
False
Is 79400213 prime?
False
Is 10223 prime?
True
Is 7964977 composite?
False
Is 119600293 composite?
True
Is 49208969 composite?
True
Is 7598987 composite?
True
Is 1401007 a composite number?
False
Is 3056041 a prime number?
True
Is 9813 a prime number?
False
Is 30621169 composite?
True
Is 4372589 a composite number?
True
Is 3194687 a prime number?
True
Is 41147359 composite?
True
Is 256873829 composite?
False
Is 255431173 a prime number?
True
Is 92292799 a composite number?
True
Is 5828533 composite?
True
Is 145026989 prime?
True
Is 69737861 composite?
False
Is 20087723 prime?
True
Is 34059841 a composite number?
False
Is 3451783 prime?
False
Is 96717917 a prime number?
False
Is 1150547 a prime number?
True
Is 96911 a composite number?
False
Is 13965442 composite?
True
Is 53001521 prime?
True
Is 963737 a composite number?
True
Is 1221881 composite?
True
Is 145159423 a composite number?
False
Is 8100647 composite?
True
Is 108428029 composite?
False
Is 348820243 composite?
True
Is 129341 a composite number?
False
Is 79284509 composite?
False
Is 77553719 prime?
False
Is 554821 composite?
False
Is 2572909 a composite number?
True
Is 130232699 a prime number?
False
Is 7635433 composite?
True
Is 57091747 a prime number?
False
Is 928563 prime?
False
Is 103959533 composite?
True
Is 501257 prime?
True
Is 8360137 a composite number?
True
Is 147381617 a composite number?
False
Is 10223921 a composite number?
True
Is 2704901 a prime number?
True
Is 6738311 a composite number?
True
Is 625321133 a composite number?
False
Is 53586149 composite?
False
Is 761311015 prime?
False
Is 9562073 prime?
False
Is 10397003 prime?
True
Is 5841767 composite?
True
Is 3339937 composite?
False
Is 503707 composite?
False
Is 59622301 a composite number?
False
Is 30109403 a composite number?
True
Is 152126411 a prime number?
True
Is 18222163 prime?
False
Is 1678361 composite?
False
Is 3962327 prime?
False
Is 195628709 a composite number?
True
Is 18742889 a composite number?
True
Is 304627 prime?
False
Is 265336351 a composite nu